{"id":2,"date":"2023-02-27T11:16:45","date_gmt":"2023-02-27T09:16:45","guid":{"rendered":"http:\/\/portic.eu\/site\/?page_id=2"},"modified":"2023-03-17T16:21:09","modified_gmt":"2023-03-17T14:21:09","slug":"despre-noi","status":"publish","type":"page","link":"https:\/\/portic.eu\/site\/despre-noi\/","title":{"rendered":"Despre noi"},"content":{"rendered":"\n<p><\/p>\n\n\n\n<p>Asocia\u021bia Portic este o organiza\u0163ie neguvernamental\u0103 nonprofit \u00eenfiin\u021bat\u0103 \u00een anul 2022 pentru derularea unei serii de proiecte care au ca misiune principal\u0103 <strong>promovarea dezvolt\u0103rii durabile a comunit<\/strong><strong>\u0103\u021bilor prin \u00eembun\u0103t\u0103\u021birea mediului construit \u0219i a economiei de resurse<\/strong>. Ac\u021biunile noastre se concentreaz\u0103 pe proiecte practice \u0219i teoretice din sfera consumului redus de energie, precum \u0219i pe educarea, implicarea \u0219i con\u0219tientizarea de c\u0103tre autorit\u0103\u021bi, speciali\u0219ti, comunit\u0103\u021bi a naturii si calitatii fondului construit \u0219i a modalit\u0103\u021bilor de \u00eembun\u0103t\u0103\u021bire a acestuia.<\/p>\n\n\n\n<p>Mare parte a fondului construit din Rom\u00e2nia se afl\u0103 \u00eentr-o stare \u00eengrijor\u0103toare, modernizarea lui pentru optimizarea consumului de energie \u0219i cre\u0219terea confortului fiind imperative.<\/p>\n\n\n\n<p>Contributing since 2022 to local community development.<\/p>\n\n\n\n<p>Should you wish to get in touch, use this address: hello(at)portic.eu<\/p>\n","protected":false},"excerpt":{"rendered":"<p>Asocia\u021bia Portic este o organiza\u0163ie neguvernamental\u0103 nonprofit \u00eenfiin\u021bat\u0103 \u00een anul 2022 pentru derularea unei serii de proiecte care au ca misiune principal\u0103 promovarea dezvolt\u0103rii durabile a comunit\u0103\u021bilor prin \u00eembun\u0103t\u0103\u021birea mediului construit \u0219i a economiei de resurse. Ac\u021biunile noastre se concentreaz\u0103 pe proiecte practice \u0219i teoretice din sfera consumului redus de energie, precum \u0219i pe educarea, [&hellip;]<\/p>\n","protected":false},"author":1,"featured_media":0,"parent":0,"menu_order":0,"comment_status":"closed","ping_status":"closed","template":"","meta":{"footnotes":""},"class_list":["post-2","page","type-page","status-publish","hentry"],"_links":{"self":[{"href":"https:\/\/portic.eu\/site\/wp-json\/wp\/v2\/pages\/2","targetHints":{"allow":["GET"]}}],"collection":[{"href":"https:\/\/portic.eu\/site\/wp-json\/wp\/v2\/pages"}],"about":[{"href":"https:\/\/portic.eu\/site\/wp-json\/wp\/v2\/types\/page"}],"author":[{"embeddable":true,"href":"https:\/\/portic.eu\/site\/wp-json\/wp\/v2\/users\/1"}],"replies":[{"embeddable":true,"href":"https:\/\/portic.eu\/site\/wp-json\/wp\/v2\/comments?post=2"}],"version-history":[{"count":5,"href":"https:\/\/portic.eu\/site\/wp-json\/wp\/v2\/pages\/2\/revisions"}],"predecessor-version":[{"id":24,"href":"https:\/\/portic.eu\/site\/wp-json\/wp\/v2\/pages\/2\/revisions\/24"}],"wp:attachment":[{"href":"https:\/\/portic.eu\/site\/wp-json\/wp\/v2\/media?parent=2"}],"curies":[{"name":"wp","href":"https:\/\/api.w.org\/{rel}","templated":true}]}}