{"id":320,"date":"2025-01-16T11:59:52","date_gmt":"2025-01-16T09:59:52","guid":{"rendered":"https:\/\/portic.eu\/site\/?page_id=320"},"modified":"2025-01-16T11:59:52","modified_gmt":"2025-01-16T09:59:52","slug":"politica-de-confidentialitate","status":"publish","type":"page","link":"https:\/\/portic.eu\/site\/despre-noi\/politica-de-confidentialitate\/","title":{"rendered":"Politica de confidentialitate"},"content":{"rendered":"\n<p>Politica de confiden\u021bialitate<\/p>\n\n\n\n<p><strong>I. Ce \u00eenseamn\u0103 prelucrarea datelor cu caracter personal<\/strong><\/p>\n\n\n\n<p>Prelucrarea &nbsp;\u00eenseamn\u0103 &nbsp;orice &nbsp;opera\u021biune &nbsp;sau &nbsp;set &nbsp;de &nbsp;opera\u021biuni &nbsp;efectuate asupra datelor cu caracter personal sau asupra seturilor de date cu caracter personal, cu sau f\u0103r\u0103 utilizarea de mijloace automatizate, cum ar fi colectarea, \u00eenregistrarea, organizarea, structurarea, stocarea, adaptarea sau modificarea, extragerea, consultarea, utilizarea, divulgarea prin transmitere, diseminarea sau punerea la dispozi\u021bie \u00een orice alt mod, alinierea sau combinarea, restric\u021bionarea, \u0219tergerea sau distrugerea.<\/p>\n\n\n\n<p><strong>II. Categoriile de date cu caracter personal prelucrate<\/strong><\/p>\n\n\n\n<p>Dac\u0103 sunte\u021bi vizitator al Site-ului, Asocia\u021bia Portic va prelucra datele dumneavoastr\u0103 cu caracter personal pe care le furniza\u021bi \u00een mod direct \u00een contextul utiliz\u0103rii Site-ului, cum ar fi datele de identificare \u0219i contact.<\/p>\n\n\n\n<p>Dac\u0103&nbsp;sunte\u021bi&nbsp; beneficiar&nbsp; sau &nbsp;a\u021bi &nbsp;luat &nbsp;parte &nbsp;la programele &nbsp;organizate &nbsp;de Asocia\u021bia Portic, vom prelucra datele dumneavoastr\u0103 cu caracter personal pe care le-a\u021bi furnizat \u00een mod direct prin completarea unui formular sau transmiterea lor prin intermediul email-ului, fotografii sau materiale video.<\/p>\n\n\n\n<p><strong>III. \u00cen ce scop prelucr\u0103m datele<\/strong><\/p>\n\n\n\n<p>Datele furnizate prin intermediul Site-ului sunt folosite pentru a r\u0103spunde solicit\u0103rilor trimise \u00een sec\u021biunea Contact, sau pentru a gestiona \u0219i beneficia de implicarea persoanei care a solicitat aceasta \u00een sec\u021biunea Implic\u0103-te, fie printr-o dona\u021bie, sponsorizare, expertiz\u0103 sau ac\u021biune voluntar\u0103.<\/p>\n\n\n\n<p>Datele furnizate \u00een mod direct prin completarea unui formular fizic, online sau prin e-mail vor fi folosite pentru transmiterea de informa\u021bii cu privire la evenimentul sus\u021binut&nbsp; &nbsp;\u00een&nbsp; &nbsp;cadrul&nbsp; &nbsp;Asocia\u021biei Portic,&nbsp;pentru transmiterea de noi informa\u021bii cu privire la programele Asocia\u021biei Portic, sau pentru promovarea ac\u021biunilor realizate de Asocia\u021bia Portic.<\/p>\n\n\n\n<p>Temeiul juridic al prelucr\u0103rii datelor \u00eel reprezint\u0103 \u00eens\u0103\u0219i transmiterea acestora c\u0103tre Asocia\u021bia Portic prin contractul de dona\u021bie sau sponsorizare semnate, prin completarea formularului primit, sau prin acceptarea politicii de confiden\u021bialitate de pe Site.<\/p>\n\n\n\n<p><strong>IV. Durata pentru care prelucr\u0103m datele<\/strong><\/p>\n\n\n\n<p>Ca principiu, Asocia\u021bia Portic va prelucra datele dumneavoastr\u0103 cu caracter personal at\u00e2t c\u00e2t este necesar pentru realizarea scopurilor de prelucrare men\u021bionate mai sus. &nbsp;Dac\u0103 v\u0103&nbsp;retrage\u021bi consim\u021b\u0103m\u00e2ntul&nbsp;pentru prelucrarea datelor \u00een scop de marketing, Asocia\u021bia Portic va \u00eenceta prelucrarea datelor dumneavoastr\u0103 cu caracter personal \u00een acest scop, f\u0103r\u0103 \u00eens\u0103 a afecta ac\u021biunile desf\u0103\u0219urate pe baza&nbsp;consim\u021b\u0103m\u00e2ntului&nbsp;exprimat&nbsp;de&nbsp;c\u0103tre&nbsp;dumneavoastr\u0103&nbsp;\u00eenainte&nbsp;de retragerea acestuia.<\/p>\n\n\n\n<p><strong>V. Dezv\u0103luirea datelor cu caracter personal<\/strong><\/p>\n\n\n\n<p>Pentru \u00eendeplinirea scopurilor de prelucrare, Asocia\u021bia Portic poate dezv\u0103lui datele dumneavoastr\u0103 doar c\u0103tre parteneri co-organizatori, care se implic\u0103 \u00een realizarea anumitor programe \u00eempreun\u0103 cu Asocia\u021bia Portic, ori c\u0103tre&nbsp;autorit\u0103\u021bile&nbsp;publice centrale\/locale, atunci c\u00e2nd dezv\u0103luirea datelor cu caracter personal este prev\u0103zut\u0103 de lege sau solicitat\u0103 de c\u0103tre organe competente.<\/p>\n\n\n\n<p><strong>VI. Transferul datelor cu caracter personal<\/strong><\/p>\n\n\n\n<p>Datele cu caracter personal furnizate c\u0103tre Asocia\u021bia Portic sunt prelucrate exclusiv pe teritoriul Rom\u00e2niei.<\/p>\n\n\n\n<p><strong>VII. Drepturile de care beneficia\u021bi<\/strong><\/p>\n\n\n\n<p>\u00cen condi\u021biile prev\u0103zute de legisla\u021bia GDPR \u00een materia prelucr\u0103rii datelor cu caracter personal, \u00een calitate de persoane vizate, beneficia\u021bi de urm\u0103toarele drepturi:<\/p>\n\n\n\n<ul class=\"wp-block-list\">\n<li>dreptul la informare, respectiv dreptul de a primi detalii privind activit\u0103\u021bile de prelucrare efectuate de c\u0103tre Asocia\u021bia Portic, conform celor descrise \u00een prezentul document;<\/li>\n\n\n\n<li>dreptul de acces&nbsp;la&nbsp;date,&nbsp;respectiv dreptul de&nbsp;a&nbsp;ob\u021bine&nbsp;confirmarea&nbsp;din partea Asocia\u021biei Portic cu privire la prelucrarea datelor cu caracter personal, precum \u0219i detalii privind activit\u0103\u021bile de prelucrare precum modalitatea \u00een care sunt prelucrate datele, scopul \u00een care se face prelucrarea, destinatarii sau categoriile de destinatari ai datelor, etc;<\/li>\n\n\n\n<li>dreptul la rectificare, respectiv dreptul de a ob\u021bine corectarea, f\u0103r\u0103 \u00eent\u00e2rzieri justificate, de c\u0103tre Asocia\u021bia Portic a datelor cu caracter personal inexacte\/ nejustificate, precum \u0219i completarea datelor incomplete;<\/li>\n<\/ul>\n\n\n\n<p>Rectificarea\/ completarea va fi comunicat\u0103 fiec\u0103rui destinatar la care au fost transmise datele, cu excep\u021bia cazului \u00een care acest lucru se dovede\u0219te imposibil sau presupune eforturi dispropor\u021bionate.<\/p>\n\n\n\n<ul class=\"wp-block-list\">\n<li>dreptul la \u0219tergerea datelor, f\u0103r\u0103 \u00eent\u00e2rzieri nejustificate, (\u201edreptul de a fi uitat\u201d), \u00een cazul in care se aplic\u0103 unul dintre urm\u0103toarele motive:\n<ul class=\"wp-block-list\">\n<li>acestea nu mai sunt necesare pentru \u00eendeplinirea scopurilor pentru care au fost colectate sau prelucrate;<\/li>\n\n\n\n<li>\u00een cazul \u00een care este retras consim\u021b\u0103m\u00e2ntul \u0219i nu exist\u0103 niciun alt temei juridic pentru prelucrare;<\/li>\n\n\n\n<li>\u00een cazul \u00een care persoana vizat\u0103 se opune prelucr\u0103rii \u0219i nu exist\u0103 motive legitime care s\u0103 prevaleze;<\/li>\n\n\n\n<li>\u00een cazul \u00een care datele cu caracter personal au fost prelucrate ilegal;<\/li>\n\n\n\n<li>\u00een cazul \u00een care datele cu caracter personal trebuie \u0219terse pentru respectarea unei obliga\u021bii legale;<\/li>\n\n\n\n<li>datele cu caracter personal au fost colectate \u00een leg\u0103tur\u0103 cu oferirea de servicii ale societ\u0103\u021bii informa\u021bionale conform dreptului Uniunii sau al dreptului intern sub incidenta c\u0103ruia se afl\u0103 operatorul. Este posibil ca, \u00een urma solicit\u0103rii de \u0219tergere a datelor, Asocia\u021bia Portic s\u0103 anonimizeze aceste date (lipsindu-le astfel de caracterul personal) \u0219i s\u0103 continue \u00een aceste condi\u021bii prelucrarea pentru scopuri statistice;<\/li>\n<\/ul>\n<\/li>\n\n\n\n<li>dreptul la restric\u021bionarea prelucr\u0103rii \u00een m\u0103sura \u00een care:\n<ul class=\"wp-block-list\">\n<li>persoana contest\u0103 exactitatea datelor, pe o perioad\u0103 care ne permite verificarea corectitudinii datelor;<\/li>\n\n\n\n<li>prelucrarea este ilegal\u0103, iar persoana vizat\u0103 se opune \u0219tergerii datelor cu caracter personal, solicit\u00e2nd \u00een schimb restric\u021bionarea utiliz\u0103rii lor;<\/li>\n\n\n\n<li>operatorul nu mai are nevoie de datele cu caracter personal \u00een scopul prelucr\u0103rii, dar persoana vizat\u0103 i le solicit pentru constatarea, exercitarea sau ap\u0103rarea unui drept \u00een instan\u021b\u0103; sau<\/li>\n\n\n\n<li>persoana vizat\u0103 s-a opus prelucr\u0103rii (altele dec\u00e2t cele de marketing direct), pentru intervalul de timp \u00een care se verific\u0103 dac\u0103 drepturile legitime ale operatorului prevaleaz\u0103 asupra celor ale persoanei<\/li>\n<\/ul>\n<\/li>\n\n\n\n<li>dreptul la portabilitatea datelor, respectiv (i) dreptul de a primi datele cu caracter personal \u00eentr-o modalitate structurat\u0103, folosit\u0103 \u00een mod obi\u0219nuit \u0219i \u00eentr-un format u\u0219or de citit, precum \u0219i (ii) dreptul ca aceste date s\u0103 fie transmise de Asocia\u021bia Portic c\u0103tre alt operator de date, \u00een m\u0103sura \u00een care sunt \u00eendeplinite condi\u021biile prev\u0103zute de lege;<\/li>\n<\/ul>\n\n\n\n<ul class=\"wp-block-list\">\n<li>dreptul la opozi\u021bie \u2013 \u00een ceea ce prive\u0219te activit\u0103\u021bile de prelucrare se poate exercita prin transmiterea unei solicit\u0103ri conform celor indicate mai jos;\n<ul class=\"wp-block-list\">\n<li>\u00een orice moment, din motive legate de situa\u021bia particular \u00een care se afl\u0103 persoana vizat\u0103, ca datele care o vizeaz\u0103 s\u0103 fie prelucrate \u00een temeiul interesului legitim al Asocia\u021biei Portic sau \u00een temeiul interesului public, cu excep\u021bia cazurilor \u00een care Asocia\u021bia Portic poate demonstra c\u0103 are motive legitime \u0219i imperioase care justific\u0103 prelucarea \u0219i care prevaleaz\u0103 asupra intereselor, drepturilor \u0219i libert\u0103\u021bilor persoanelor vizate sau c\u0103 scopul este constatarea, exercitarea sau apararea unui drept \u00een instan\u021b\u0103;<\/li>\n\n\n\n<li>\u00een orice moment, \u00een mod gratuit \u0219i f\u0103r\u0103 nicio justificare, ca datele care o vizeaz\u0103 s\u0103 fie prelucrate \u00een scop de marketing direct.<\/li>\n<\/ul>\n<\/li>\n\n\n\n<li>dreptul de a nu fi supus unei decizii individuale automate, respectiv dreptul de a nu fi subiectul unei decizii luate numai pe baza unor activit\u0103\u021bi de prelucrare automate, inclusiv crearea de profiluri, care produce efecte juridice care privesc persoana vizat\u0103 sau o afecteaz\u0103 \u00een mod similar \u00eentr-o m\u0103sur\u0103 semnificativ\u0103;<\/li>\n\n\n\n<li>dreptul de a v\u0103 adresa Autorit\u0103\u0163ii Na\u0163ionale de Supraveghere a Prelucr\u0103rii Datelor cu&nbsp;Caracter&nbsp;Personal&nbsp;sau instan\u021belor competente,&nbsp;\u00een m\u0103sura&nbsp;\u00een care considera\u021bi<\/li>\n<\/ul>\n\n\n\n<p><a><\/a> Pentru orice \u00eentreb\u0103ri suplimentare cu privire la modul \u00een care datele cu caracter personal sunt prelucrate \u0219i pentru a v\u0103 exercita drepturile men\u021bionate&nbsp; &nbsp;mai&nbsp; &nbsp;sus,&nbsp; &nbsp;v\u0103&nbsp; &nbsp;rug\u0103m&nbsp; &nbsp;s\u0103&nbsp; &nbsp;ne&nbsp; &nbsp;scrie\u021bi&nbsp; &nbsp;un&nbsp; &nbsp;e-mail&nbsp; &nbsp;la&nbsp; &nbsp;adresa:&nbsp;<a href=\"mailto:hello@portic.eu\">hello@portic.eu<\/a><\/p>\n\n\n\n<p>Politica datelor<\/p>\n\n\n\n<p>Conform&nbsp; &nbsp;legilor&nbsp; &nbsp;\u00een&nbsp; &nbsp;vigoare,&nbsp; &nbsp;Funda\u021bia&nbsp; &nbsp;Comunitar\u0103&nbsp; &nbsp;Timi\u0219oara&nbsp; &nbsp;(FCTM) prelucreaz\u0103 datele dumneavoastr\u0103 cu caracter personal (fotografii, nume \u0219i prenume, telefon\/fax, e-mail, date bancare, adres\u0103 de domiciliu, cod numeric personal, seria \u0219i num\u0103rul actului de identitate) prin mijloace automatizate &nbsp;\u0219i &nbsp;manuale, &nbsp;\u00een &nbsp;urm\u0103toarele &nbsp;scopuri: &nbsp;colectarea &nbsp;de &nbsp;dona\u021bii pentru programele FCTM, emiterea certificatelor de voluntariat pentru voluntarii din programele FCTM, transmiterea de informa\u021bii cu \u0219i despre beneficiarii, dar \u0219i c\u0103tre abona\u021bii programelor FCTM.<\/p>\n\n\n\n<p>V\u0103 inform\u0103m c\u0103, potrivit Legii 677\/2001, nu sunte\u021bi obligat(\u0103) s\u0103 furniza\u021bi datele dumneavoastr\u0103 personale. Refuzul dumneavoastr\u0103 determin\u0103 imposibilitatea de a participa la, sau beneficia de programele Funda\u021biei Comunitare&nbsp; Timi\u0219oara.&nbsp; Informa\u021biile&nbsp; \u00eenregistrate&nbsp; pot&nbsp; fi&nbsp; utilizate&nbsp; de&nbsp; c\u0103tre operator \u0219i pot fi comunicate numai partenerilor co-organizatori ai programelor FCTM.<\/p>\n\n\n\n<p>Conform Legii nr. 677\/2001, beneficia\u021bi de dreptul de acces, de interven\u021bie asupra datelor. Totodat\u0103, ave\u021bi dreptul s\u0103 v\u0103 opune\u021bi prelucr\u0103rii datelor personale care v\u0103 privesc \u0219i s\u0103 solicita\u021bi \u0219tergerea lor. Pentru exercitarea acestor drepturi, v\u0103 pute\u021bi adresa cu o cerere scris\u0103 sau online pe adresa FCTM, datat\u0103 \u0219i semnat\u0103.<\/p>\n","protected":false},"excerpt":{"rendered":"<p>Politica de confiden\u021bialitate I. Ce \u00eenseamn\u0103 prelucrarea datelor cu caracter personal Prelucrarea &nbsp;\u00eenseamn\u0103 &nbsp;orice &nbsp;opera\u021biune &nbsp;sau &nbsp;set &nbsp;de &nbsp;opera\u021biuni &nbsp;efectuate asupra datelor cu caracter personal sau asupra seturilor de date cu caracter personal, cu sau f\u0103r\u0103 utilizarea de mijloace automatizate, cum ar fi colectarea, \u00eenregistrarea, organizarea, structurarea, stocarea, adaptarea sau modificarea, extragerea, consultarea, utilizarea, divulgarea [&hellip;]<\/p>\n","protected":false},"author":1,"featured_media":0,"parent":2,"menu_order":0,"comment_status":"closed","ping_status":"closed","template":"","meta":{"footnotes":""},"class_list":["post-320","page","type-page","status-publish","hentry"],"_links":{"self":[{"href":"https:\/\/portic.eu\/site\/wp-json\/wp\/v2\/pages\/320","targetHints":{"allow":["GET"]}}],"collection":[{"href":"https:\/\/portic.eu\/site\/wp-json\/wp\/v2\/pages"}],"about":[{"href":"https:\/\/portic.eu\/site\/wp-json\/wp\/v2\/types\/page"}],"author":[{"embeddable":true,"href":"https:\/\/portic.eu\/site\/wp-json\/wp\/v2\/users\/1"}],"replies":[{"embeddable":true,"href":"https:\/\/portic.eu\/site\/wp-json\/wp\/v2\/comments?post=320"}],"version-history":[{"count":1,"href":"https:\/\/portic.eu\/site\/wp-json\/wp\/v2\/pages\/320\/revisions"}],"predecessor-version":[{"id":321,"href":"https:\/\/portic.eu\/site\/wp-json\/wp\/v2\/pages\/320\/revisions\/321"}],"up":[{"embeddable":true,"href":"https:\/\/portic.eu\/site\/wp-json\/wp\/v2\/pages\/2"}],"wp:attachment":[{"href":"https:\/\/portic.eu\/site\/wp-json\/wp\/v2\/media?parent=320"}],"curies":[{"name":"wp","href":"https:\/\/api.w.org\/{rel}","templated":true}]}}